{"id":199,"date":"2021-05-06T13:03:28","date_gmt":"2021-05-06T13:03:28","guid":{"rendered":"http:\/\/celeguimesouzaadvogados.adv.br\/?page_id=199"},"modified":"2021-05-06T13:07:38","modified_gmt":"2021-05-06T13:07:38","slug":"bpc-loas","status":"publish","type":"page","link":"https:\/\/celeguimesouzaadvogados.adv.br\/?page_id=199","title":{"rendered":"BPC-LOAS"},"content":{"rendered":"<div  data-label=\"Content\" data-id=\"content--1\" data-export-id=\"content-12\" data-category=\"content\" class=\"content-12 content-section content-section-spacing\" id=\"content-1\" style=\"background-color: rgb(255, 255, 255);\"><div  class=\"gridContainer\"> <div  class=\"row text-center\"><div  class=\"section-title-col\" data-type=\"column\">  <p  class=\"lead\">Existem duas modalidades do benef\u00edcio assistencial (Idoso e Deficiente):\n<br ><br >Para os interessados que nunca contribu\u00edram ou n\u00e3o possuem o n\u00famero m\u00ednimo de contribui\u00e7\u00f5es previdenci\u00e1rias para concess\u00e3o de outros benef\u00edcios e, somado a isso, que n\u00e3o possua meios de prover a sua pr\u00f3pria subsist\u00eancia, \u00e9 poss\u00edvel a concess\u00e3o do BPC-LOAS, na modalidade para Idoso (idosos acima de 65 anos de idade) ou na modalidade para deficiente (de qualquer idade que detenha uma defici\u00eancia), sendo que para ambas as situa\u00e7\u00f5es se garantindo o pagamento de 01 (um) sal\u00e1rio m\u00ednimo nacional.<\/p><a class=\"button blue\" href=\"https:\/\/api.whatsapp.com\/send?phone=551144448526&amp;text=Ol%C3%A1%20Celeguim%20%26%20Souza%20Advogados!\" target=\"_self\" data-cp-link=\"1\" rel=\"noopener\">ENTRE EM CONTATO AQUI\u2026<\/a><\/div> <\/div> <div  class=\"row center-xs middle-xs\"> <div  class=\"col-sm-9\" data-type=\"column\"> <\/div> <\/div><\/div> <\/div>","protected":false},"excerpt":{"rendered":"<p>Existem duas modalidades do benef\u00edcio assistencial (Idoso e Deficiente): Para os interessados que nunca contribu\u00edram ou n\u00e3o possuem o n\u00famero m\u00ednimo de contribui\u00e7\u00f5es previdenci\u00e1rias para concess\u00e3o de outros benef\u00edcios e, somado a isso, que n\u00e3o possua meios de prover a sua pr\u00f3pria subsist\u00eancia, \u00e9 poss\u00edvel a concess\u00e3o do BPC-LOAS, na modalidade para Idoso (idosos acima&hellip; <br \/> <a class=\"read-more\" href=\"https:\/\/celeguimesouzaadvogados.adv.br\/?page_id=199\">Leia mais<\/a><\/p>\n","protected":false},"author":1,"featured_media":0,"parent":0,"menu_order":0,"comment_status":"closed","ping_status":"closed","template":"","meta":{"footnotes":""},"class_list":["post-199","page","type-page","status-publish","hentry"],"_links":{"self":[{"href":"https:\/\/celeguimesouzaadvogados.adv.br\/index.php?rest_route=\/wp\/v2\/pages\/199","targetHints":{"allow":["GET"]}}],"collection":[{"href":"https:\/\/celeguimesouzaadvogados.adv.br\/index.php?rest_route=\/wp\/v2\/pages"}],"about":[{"href":"https:\/\/celeguimesouzaadvogados.adv.br\/index.php?rest_route=\/wp\/v2\/types\/page"}],"author":[{"embeddable":true,"href":"https:\/\/celeguimesouzaadvogados.adv.br\/index.php?rest_route=\/wp\/v2\/users\/1"}],"replies":[{"embeddable":true,"href":"https:\/\/celeguimesouzaadvogados.adv.br\/index.php?rest_route=%2Fwp%2Fv2%2Fcomments&post=199"}],"version-history":[{"count":2,"href":"https:\/\/celeguimesouzaadvogados.adv.br\/index.php?rest_route=\/wp\/v2\/pages\/199\/revisions"}],"predecessor-version":[{"id":208,"href":"https:\/\/celeguimesouzaadvogados.adv.br\/index.php?rest_route=\/wp\/v2\/pages\/199\/revisions\/208"}],"wp:attachment":[{"href":"https:\/\/celeguimesouzaadvogados.adv.br\/index.php?rest_route=%2Fwp%2Fv2%2Fmedia&parent=199"}],"curies":[{"name":"wp","href":"https:\/\/api.w.org\/{rel}","templated":true}]}}